= -133, 0*a - 2*a - 2*b = -50. Let c = a - -135. Let z = c - 0. What are the prime factors of z?
7, 23
Let c(m) = -51*m + 15. Suppose -3*i + i = 4*a - 10, a = 3*i - 1. Suppose -4*u - 9 = -1, -a*w - 16 = 5*u. What are the prime factors of c(w)?
2, 3, 7
Suppose 2*c = 8 + 62. Let v = c - 26. List the prime factors of (v - 2) + -5 + 8.
2, 5
Let y be -3 + (0 - 13 - -4). Let l be (4/y)/((-3)/108). What are the prime factors of 381/12 - 9/l?
31
Let a = 10127 + -4533. List the prime factors of a.
2, 2797
Let w(h) = -8638*h + 3221. What are the prime factors of w(-7)?
3, 13, 23, 71
Let i = -14 - -16. Suppose u = 5*s - 991, i*u = -s + 161 + 35. What are the prime factors of s?
2, 3, 11
Let i(x) = 7*x**2 + 14*x - 144. What are the prime factors of i(31)?
3, 2339
Let q(h) be the third derivative of -h**6/120 + 4*h**5/15 - h**4/2 - 14*h**3/3 + 3*h**2 - 117*h - 3. Suppose -l + 3 + 12 = 0. List the prime factors of q(l).
17
Let t = 20368 - 12889. Suppose -t + 30016 = 31*b. What are the prime factors of b?
727
Let d(o) = -4*o + 46. Let v be d(-16). Let u(j) = -j**2 + 2*j - 86. Let n be u(0). Let r = v - n. What are the prime factors of r?
2, 7
Let o be ((-188)/(-3))/(6/27). Let y be 363/45 + 49/(-735). Suppose y*i = 5*i + o. List the prime factors of i.
2, 47
Let k(u) = 2*u**2 - 12*u - 26. Let x be k(16). Suppose 3*t + h = 494, x = t - 4*h + 112. What are the prime factors of t?
2, 83
Let u(w) = 970*w - 253. List the prime factors of u(17).
13, 1249
Suppose -1273 = 3*d - 8*d - 3*q, -3*d - 2*q = -764. List the prime factors of d - (-9 + 6 - 5).
2, 131
Let k be 6/(-5)*(-20)/8. Suppose k*z - 432 = 2*z + 5*r, 852 = 2*z - 4*r. Suppose 0 = y + 4*b - 144, y - 2*b = 4*y - z. List the prime factors of y.
2, 5, 7
Suppose 31 - 5 = 13*t. Suppose -5*c + 4908 = -4*l, t*c = 3*l - l + 1964. What are the prime factors of c?
2, 5, 7
Let q(x) = -x**3 + 6*x**2 + 14*x + 22. Let r be q(8). Suppose 4*z - 2571 = -3*u, -2*z - r*u + 3*u = -1293. List the prime factors of z.
3, 71
Suppose -2*j - 5*k = 3*j - 65, k - 2 = 0. What are the prime factors of 8 - -1 - (-11 + j)?
3
Let g = 146 + -146. Suppose -3*s = -b - 1643, 2*s - 23*b + 22*b - 1096 = g. List the prime factors of s.
547
Let a = -76235 + 107720. List the prime factors of a.
3, 5, 2099
Let h(d) = 5*d**2 + 2*d - 1. Let j be h(1). Let n(p) = 4*p**2 - 15*p + 7. Let x be n(j). What are the prime factors of (x*4)/(-9 + 11)?
2, 61
Let b(w) = 46*w**2 + 40*w - 2. Let k be b(-1). Let s(j) be the first derivative of j**4/2 + j**3/3 - 2*j**2 + 13*j - 1. What are the prime factors of s(k)?
3, 47
Let a = -396 + 1452. List the prime factors of a.
2, 3, 11
Suppose -2*c = -5*d + 13, 2*c + 50 = 7*c + 4*d. Let o(i) = -3*i + 12. Let q be o(c). List the prime factors of ((-32)/(-5) + q)*(1 + 234).
2, 47
Suppose -y + 2*p + 14 = 1, 5*y = -p + 21. Suppose 4*t + 786 = 5*m - 1974, -y*m - t = -2760. What are the prime factors of m?
2, 3, 23
Let s(h) = 54*h**2 - 6*h + 3. Let k(i) = -i**2 + i. Suppose 2*r - 16 = 4*j, -r + 5*j = 2*j - 9. Let o(w) = r*k(w) + s(w). List the prime factors of o(-2).
3, 5, 13
Let i(f) = 2*f + 32. Let x be i(-17). List the prime factors of 192 - (1 + 4 + x).
3, 7
Let w be 2*-2 + (7 - 1). Suppose 4*v = -a + 851, 2*a + 3*v = -w*v + 1717. Suppose -71 = 5*o - a. What are the prime factors of o?
2, 5
Suppose -5*d - 3*n - 299 = 0, 0 = 2*d - n - 4*n + 132. What are the prime factors of (39101/d)/(1/(-3))?
3, 641
Let f(a) be the third derivative of -a**5/60 - 17*a**4/24 - 37*a**3/6 - 75*a**2. List the prime factors of f(-4).
3, 5
Suppose -97*c + 114*c - 137224 = 0. What are the prime factors of c?
2, 1009
Suppose 4*j = 5*t + 1310, t + 5 = -5*j - 228. Let l = 1138 + t. What are the prime factors of l?
2, 5, 11
Suppose 2*u = -r + 18081, 37987 + 7219 = 5*u + 2*r. List the prime factors of u.
2, 7, 17, 19
Let w(u) = 8*u**2 - 96*u + 100. List the prime factors of w(22).
2, 3, 5, 31
Let x(l) = 2*l - 14. Let q be x(7). Suppose 2*j = -3*h + 124, -4*j + 4*h = -q*j - 228. Let d = j - -25. What are the prime factors of d?
2, 3, 7
Let l(m) = m**3 - 7*m**2 - 27*m - 4. Let i be l(10). Suppose i*v - 1176 = 23*v. List the prime factors of v.
2, 7
Suppose 0 = 17*n - 5*n - 36. Suppose 3*h = 5*h - d - 5, 3*d = -n*h + 3. List the prime factors of h.
2
Let b(x) be the third derivative of 31*x**4/12 + 125*x**3/6 + 69*x**2. List the prime factors of b(4).
373
Suppose 3*b = -b - 6*b. What are the prime factors of (84 - b) + 0 + (-24)/(-8)?
3, 29
What are the prime factors of (21/(-2) - (212 + -218))*193*-10?
3, 5, 193
Let x(i) = 4350*i**2 + 36*i + 40. List the prime factors of x(-1).
2, 7, 311
Let n = 19 - 15. Let a(y) = n + 153*y**2 + 7*y - 15*y + 4*y. What are the prime factors of a(1)?
3, 17
Let n = -1382 - -1385. Let b be (-1 - -6) + (-2 - 0). Suppose -n*p - b*y = -81, -45 = -5*p + 4*p + 5*y. What are the prime factors of p?
2, 3, 5
Suppose 0 = n + 1, -5*n = -v - v + 1. Let f be v/11 - (-2)/11. Suppose 5*o + 49 - 204 = f. What are the prime factors of o?
31
Suppose 0*y + 63 = 3*y + 3*n, -y + 5*n = 3. Let x(g) = 7 + 18*g - y*g + 8. List the prime factors of x(4).
19
Let q = 15663 - -620. What are the prime factors of q?
19, 857
Let w be (-24)/(-18)*4680/(0 + 2). Suppose 3*c + 2*o = 1882, -4*c + 5*o = c - w. What are the prime factors of c?
2, 313
Let c be 250/(-65) + 4 + (-10292)/(-26). Suppose x = 7*k - 3*k - c, x + 4 = 0. List the prime factors of k.
2, 7
Let q(w) = -3*w**3 - 110*w**2 + 66*w - 21. List the prime factors of q(-41).
2, 73, 131
Let l = 31641 + -18550. What are the prime factors of l?
13, 19, 53
Suppose -3*v = 15, 0 = -q + v - 0*v + 851. Suppose 0 = 13*s - 2547 - q. What are the prime factors of s?
3, 29
What are the prime factors of (23874/173)/((-3)/(-55))?
2, 5, 11, 23
Let s = -2415 + 5123. What are the prime factors of s?
2, 677
Let g(o) = 19*o - 126. Let j be g(12). What are the prime factors of (-2605)/(-19) - j/969?
137
Suppose 0 = 4*a + 3*k - 5, -5*a - 3*k - 1 = -8. Suppose 6*o - 20 = a*o. Suppose -3*i + 34 = o*w - 219, 94 = 2*w + 3*i. List the prime factors of w.
53
Suppose -22*v - 128750 = -646742 - 36166. What are the prime factors of v?
25189
Let p(c) = 81*c**2 - 16*c - 138. What are the prime factors of p(-7)?
3943
Let n = -8 + 11. Let h be ((-36)/12)/(-1*n)*-29. Let w = 40 - h. List the prime factors of w.
3, 23
What are the prime factors of 896/(-10304) + (-912205)/(-23)?
17, 2333
Let b be (35/7)/((-2)/18). Let y = -46 - b. List the prime factors of (((-2)/y)/1)/(2/69).
3, 23
Let o be 16/(-2) - 20/(-4). List the prime factors of 4/o - 33695/(-69).
487
What are the prime factors of ((-2)/(-6))/((-26)/(-316758))?
31, 131
Let b(h) = 43*h**2 + 47*h - 202. What are the prime factors of b(-8)?
2, 1087
Let a(w) = -2*w**3 - 18*w**2 - 138*w + 41. List the prime factors of a(-17).
3, 19, 41
Let v(c) = -2*c**3 - 10*c**2 - 10*c + 54. Let b = -65 + 55. List the prime factors of v(b).
2, 577
List the prime factors of (10/25 - 22/(-20))/((-14)/(-144816)).
2, 3, 431
Suppose -33*x - 150 = -34*x. Suppose -5*l - x = -0*l. List the prime factors of 3 - ((-56)/5)/((-4)/l).
3, 29
Let c(b) be the first derivative of -2 - 2*b + 11/2*b**2 + 5/3*b**3. What are the prime factors of c(-4)?
2, 17
Let s(f) = -22*f**3 - 4*f**2 + 3*f - 13. Let n be s(-3). Suppose 0 = -r + n - 10. List the prime factors of r.
2, 263
Let k(y) = y**3 - y**2 + y + 1. Let d(z) = -4*z**2 - 7*z - 5. Let q(v) = -d(v) - k(v). What are the prime factors of q(-5)?
2, 7
Suppose -h - r + 119518 = -4*h, 5*h - 3*r = -199194. List the prime factors of h/(-112) + (-6)/(-21).
2, 89
Let x(n) = -n**3 - 11*n + 29. Let t be x(-21). Suppose 9*k - t = -3356. List the prime factors of k.
5, 137
Suppose -308 - 658 = -t - n, 2*t + 3*n = 1933. Suppose -5*c = -7*o + 8*o - t, -1930 = -2*o + 3*c. What are the prime factors of o?
5, 193
Suppose -3*b - 522 = -4*q + 2*q, -q = -2*b - 260. Suppose -1896 = -6*w - q. List the prime factors of w.
2, 17
List the prime factors of (((-10)/(-6))/((-675)/(-8262)))/(2/6170).
2, 3, 17, 617
Let a = -21 + 29. Suppose -4*k = -4*m - a, -m = k - 4 + 8. What are the prime factors of (k/(-2)*-2 - -3)*62?
2, 31
Suppose -5*m - 2*c = -0*m - 21, 4*m = 3*c + 3. Let l(a) = -m + 42*a + 18*a**2 - 44*a - 4. List the prime factors of l(-3).
7, 23
Let u be (17/4)/((-8)/(-64)). Let l 